ist the prime factors of h(-4).
2, 3
Let x be 2 - 1/2*0. Let n(l) = l + l**3 - 2*l**3 - 2 + l + 2*l**2. What are the prime factors of n(x)?
2
List the prime factors of (-5)/(-30) + 658/12.
5, 11
Let d = 24 + -17. Suppose 5*f + 3*v - 29 = -0, -4*v = -5*f + 43. Suppose -a = -4*n - d, a = n - 0*n + f. List the prime factors of a.
7
Let p(t) = t**2 - 5*t - 19. List the prime factors of p(9).
17
Let q = 0 + 3. Let y(h) = -h**2 + 2*h + 4. Let a be y(q). What are the prime factors of (3 - -4) + (0 - a)?
2, 3
Let i be 0 + -2 - (-1 - 4). List the prime factors of -4*(i - 45/12).
3
Let x(f) = -2*f - 3*f + 3*f. What are the prime factors of x(-4)?
2
Let y(c) = -c**3 - 13*c**2 - 13*c - 9. Let g = 8 - 20. Let h be y(g). Suppose h*r = -0*r + 60. List the prime factors of r.
2, 5
Suppose -5*a + 10 + 0 = -3*b, -3*a - 5*b + 40 = 0. Let r(n) = 3*n + 1. List the prime factors of r(a).
2
Let h(x) = x + 22. Let j be h(-14). Suppose 0*o - 3*o = 0. Suppose -j = -o*m - m. What are the prime factors of m?
2
Suppose 2*q - 252 = -4*c + 36, 3*c - 216 = q. What are the prime factors of c?
2, 3
Let t = 6 - -1. Let a(b) = 2*b**3 - 11*b**2 + 25*b - 16. Let k(f) = -f**3 + 5*f**2 - 13*f + 8. Let h(s) = 3*a(s) + 5*k(s). List the prime factors of h(t).
13
Suppose p - 1 = -0. What are the prime factors of p + -4*4/(-8)?
3
Suppose -4*m + 66 = -3*u + 6*u, -3*m + 3*u = -60. What are the prime factors of m?
2, 3
Suppose 2*y = 4*k + 104, y - 35 = -3*k + 27. List the prime factors of y.
2, 7
Let m = -3 - -2. Let v = 2 - m. Suppose -2*k = -7*k + v*h + 58, -8 = -2*h. List the prime factors of k.
2, 7
Let u be -2*2/(-4)*3. Let g be (-6)/(-9) + (-52)/(-12). Suppose u + g = a. List the prime factors of a.
2
Suppose -395 - 535 = -6*a. What are the prime factors of a?
5, 31
Let i be (-54)/4 - 2/(-4). Suppose -6 = y - 3. Let r = y - i. List the prime factors of r.
2, 5
Let h(v) = -v**3 + 8*v**2 - 6*v. List the prime factors of h(7).
7
Let m(l) = -l**3 - 9*l**2 + 2. Let x be m(-9). Suppose 0 = -2*b - x*g + 18, -3*b + 8 + 15 = 2*g. Suppose b*h = 20 + 45. List the prime factors of h.
13
Suppose -2*g - 4*v - 6 = -2, -2*g + 5*v + 14 = 0. Let s be (g/3)/(12/(-18)). Let n = s + 7. List the prime factors of n.
2, 3
Suppose 7 = 4*h + 23. Let d = h + 6. Suppose 0*y - 53 = -3*x + 5*y, 18 = d*x + y. List the prime factors of x.
11
What are the prime factors of 4023/54*(2 + 0)?
149
Let b(q) = 22*q - 42. List the prime factors of b(12).
2, 3, 37
Let b(q) = -14*q - 16. Let t be b(-5). Let m = -28 + t. What are the prime factors of m?
2, 13
Suppose u - 3*p - 30 = 0, -5*u + 101 = 4*p + 8. List the prime factors of u.
3, 7
Suppose 4*a - 6*z + 28 = -5*z, 5*a + 4*z = -35. Let t(b) be the first derivative of b**4/4 + 2*b**3 - 7*b**2/2 + 3*b - 2. List the prime factors of t(a).
3
Suppose 6 = -2*l + 2. Let o(m) = -8*m. List the prime factors of o(l).
2
Let q = -3 - -2. Suppose 0*c + c = 3*n + 6, 3*c + 6 = -3*n. What are the prime factors of -11*(n + (0 - q))?
11
What are the prime factors of (-57)/38 - (-337)/2?
167
Suppose 0 = -3*m - 3*w - 16 - 2, -2*m - 6 = -w. Let c = -2 - m. Suppose z + 2*r - 7 = 0, -3*r - c*r = -2*z + 14. List the prime factors of z.
7
Suppose 6*f - 15 = f. Suppose 8 = -f*t + 62. List the prime factors of t.
2, 3
What are the prime factors of 3/(4 - 266/68)?
2, 17
Let u(f) = -f**3 - 14*f**2 - 17*f - 1. List the prime factors of u(-13).
3, 17
Suppose -f + 3*h = -24, h + 63 = 4*f - 88. What are the prime factors of f?
3, 13
Let s(m) = -4*m**2 - 2*m + 6. Let a(h) = 3*h**2 + 3*h - 5. Let p(t) = 5*a(t) + 4*s(t). Let d be p(5). Let u = d + -2. What are the prime factors of u?
7
Let k = 96 - 79. What are the prime factors of k?
17
Let y = -1 - -3. Suppose -i + 4 = 2*k + 4*i, -3*i - y = -k. Suppose -15 + 1 = -k*c. What are the prime factors of c?
7
Let s = 469 - 37. What are the prime factors of s?
2, 3
Let i(l) = -l**2 - 5*l. Let d be i(-4). Suppose 0 = z - d - 10. List the prime factors of z.
2, 7
Let t = -76 + 133. List the prime factors of t.
3, 19
Let x(t) = -t**3 - 7*t**2 + 6*t + 10. Let w be x(-8). Suppose -6 - w = -2*i. List the prime factors of i.
2
Suppose -21 - 31 = -5*o + 2*w, -15 = -o + 5*w. Let b(g) = 4*g - 1. Let p be b(1). Suppose -p*j = -5*j + o. List the prime factors of j.
5
Let s be -15*6/45*-3. Suppose s*n - 50 = n. List the prime factors of n.
2, 5
Let p be (-43)/(-9) + 2/9. Suppose 3*g - 2*g - 9 = 0. Suppose -g = -v + p. What are the prime factors of v?
2, 7
Let y(i) = -i + 7. Let d be 32/6 + 1/(-3). Let p be y(d). What are the prime factors of (-6)/4*(p + -10)?
2, 3
Let o(m) = -m**3 + 19*m**2 + m - 4. List the prime factors of o(19).
3, 5
Suppose q + 4*g = 2*g + 12, 3*q - 24 = -3*g. Suppose a = -q*a - 5. Let m = 13 + a. List the prime factors of m.
2, 3
Let g = 6 + 40. List the prime factors of g.
2, 23
Let y(z) = z**3 + 8*z**2 + 7*z + 10. Suppose 2*h + h + 21 = 0. What are the prime factors of y(h)?
2, 5
Let z(h) = 4*h**3 - 8*h + 7. Let b(k) = -7*k**3 + 15*k - 13. Let g(a) = 6*b(a) + 11*z(a). Let o be g(1). What are the prime factors of (-1 - -9) + 3/o?
3
Suppose -42 - 48 = -2*p. List the prime factors of p.
3, 5
What are the prime factors of (42/(-7))/(3/(-2))?
2
Let i(b) = -3*b**2 - 5*b - 4. Let l(p) = -4*p**2 - 5*p - 3. Let q(r) = 3*i(r) - 2*l(r). Let a be q(-5). List the prime factors of (-46)/a + 3/9.
2
Suppose 4*r - r + 135 = 0. Let h = r - -67. List the prime factors of h.
2, 11
Let f(t) be the second derivative of -t**3 - 9*t**2/2 - 2*t. Let z be f(-8). Suppose -2*g = 10, -2*g + z = 2*l - 5*g. List the prime factors of l.
2, 3
Let h(l) = 6*l + 9. What are the prime factors of h(6)?
3, 5
Let f = -16 + 13. Let i(j) = -j**3 + j**2 + j. List the prime factors of i(f).
3, 11
Let r = -72 + 152. List the prime factors of r.
2, 5
Let r be -1 + (-1 - 0) + 0. Let n(m) = m**3 + 4*m**2 - 2*m - 3. List the prime factors of n(r).
3
Let h(n) = -2*n + 1. Let s be h(-1). Suppose y + 17 = 3*j - s*y, -5*y - 7 = j. Suppose l - 28 = -j*z - z, 0 = -4*l + 2*z + 22. What are the prime factors of l?
2
Let u be 2*2/(-4)*3. Let l = 3 + u. Let f(z) = -z**2 + 10. List the prime factors of f(l).
2, 5
Let o = -7 + 16. Let z = 15 - o. Suppose -g = 5*d - 24, 0 = 2*g - z*g - 2*d + 24. List the prime factors of g.
2
Let c = 4 + -2. Suppose -4*f = -5*w - 51, -c*w = f - 3 - 13. What are the prime factors of f?
2, 7
Suppose 24 = 2*s - 3*z + 4, 4*z + 16 = 0. Let g be 18/4*2/3*3. Let p = g - s. List the prime factors of p.
5
Let v be 1/4 + 1048/32. Let j = v + -14. What are the prime factors of j?
19
List the prime factors of 4 - -69 - (0 + 4).
3, 23
Suppose 2*r = 4*j + 42, 4*j = -2*r + 3*j + 17. Let g = r + -8. List the prime factors of g.
3
Suppose 5*k - 23 - 22 = 0. Suppose 2*v - 7 = k. Let b = 14 - v. What are the prime factors of b?
2, 3
Let h be (10/(-4) - -2)*-2. Let f = h + 11. List the prime factors of f.
2, 3
Let g(p) = p**3 - 2*p**2 - 6*p + 3. List the prime factors of g(5).
2, 3
Suppose 10*k - 14*k = -1220. What are the prime factors of k?
5, 61
Let k(s) = 4*s**2 - 1. Let t = -4 - -3. Let w be k(t). List the prime factors of -5*w/((-9)/6).
2, 5
Let p(g) = -g + 4. Let o be p(5). Let a = o - -7. Suppose q = a*q - 25. List the prime factors of q.
5
Let b(i) = 4*i**2 + 7*i - 5. List the prime factors of b(6).
181
Let l(p) = -p**2 + 10*p - 1. Let b be l(9). Suppose -b*k = -7*k - 3. Suppose -k*n + 2*n + 9 = 0. What are the prime factors of n?
3
Let k = 3 - -1. Suppose k*y = 2*t - 30, 2*t + 5*y = -3*t + 45. List the prime factors of t.
11
Suppose -72 = 4*a - 5*y, 0*a + 3*a = -5*y - 19. Let b = 16 + a. What are the prime factors of b?
3
Suppose s + 4 = -2*c, 0 = 5*s + c - 9 + 2. Suppose -s*a - 15 = 3*a. List the prime factors of (1 - -1)/(a/(-21)).
2, 7
Let a(q) = -q**2 + 8*q. Let h(c) = 6*c**2 - c + 1. Let o be h(2). Suppose -o - 1 = -4*u + k, 4*u - 2*k = 24. List the prime factors of a(u).
2, 3
Let o be -11 - ((-6)/(-3) - 0). Let s = 7 + o. Let i(b) = b**3 + 7*b**2 + 4*b - 1. What are the prime factors of i(s)?
11
Let x = -10 - -24. List the prime factors of x.
2, 7
Suppose b - 6 = -b. Suppose i = -b*i + 96. Let l = i + -14. What are the prime factors of l?
2, 5
Suppose 37 + 13 = v. What are the prime factors of v?
2, 5
Suppose 2*n = 4*r + 24, 4*n + 0*n = -r + 3. Suppose -4 = 2*f - n*l, 4*f = -4*l 